5
Let v be (-46)/(-8) + (84/16)/(-7). Suppose 2*u + 6*c = 2*c + 44, v*u - 3*c = 45. Calculate the highest common factor of 132 and u.
12
Let j = -113 + 144. What is the greatest common divisor of j and 217?
31
Let a be 1/(-3) - (-26)/6. Let f be a/(-6)*(-4 - 14). Let r(n) = n**3 + 50*n**2 - 107*n - 24. Let j be r(-52). Calculate the highest common factor of j and f.
12
Let y(b) = -b - 2. Let v be y(-4). Suppose -u - 6 = -11. Suppose 0 = u*a + 2*o + v*o - 60, -5*o = -25. Calculate the highest common divisor of a and 40.
8
Suppose 6*w = 48 + 192. Suppose 18 = 3*o - 12. Calculate the highest common divisor of w and o.
10
Suppose 2*a - 3*k - 2*k + 33 = 0, 3*a = -k - 41. Let z = 34 + a. Suppose z - 224 = -3*c. What is the highest common divisor of c and 17?
17
Let n = -1393 + 1410. What is the highest common factor of n and 816?
17
Let c(s) = -s**2 - 12*s - 20. Let n be c(-7). Calculate the greatest common factor of n and 240.
15
Let t(b) = -35*b - 96. Let u be t(-4). What is the highest common factor of 22 and u?
22
Let l(x) = -x**3 - 9*x**2 + 68*x - 3. Let o be l(-14). Calculate the highest common factor of o and 10.
5
Let a(n) = -82*n - 71. Let f be a(-1). What is the highest common factor of f and 77?
11
Let r(j) = 16*j**3 + 10*j**2 - 7*j + 1. Let c be r(-9). Let v be c/(-75) - (-8)/60. Calculate the greatest common divisor of v and 16.
16
Let o(p) = p**2 + 2*p - 1. Let k be o(-2). Let u be 1 + (229 - k) + 4. What is the greatest common factor of 47 and u?
47
Let z(y) = 9*y**2 + 2*y - 1. Let n be z(1). Suppose -4*c + 960 = 28*c. What is the highest common factor of c and n?
10
Let r be (-212)/(-24) - (-2)/12. Let l(q) = q**2 + 14*q + 3. Suppose -3*y - 41 = 1. Let u be l(y). Calculate the greatest common factor of r and u.
3
Suppose 0 = -5*w - 5*z + 24 + 121, -4*z = -20. Let d(b) = 2*b - 1. Let o be d(2). Calculate the highest common factor of o and w.
3
Let l = -34 + 55. Suppose i - 3*o - 15 = 0, -o = 4*i - 0*o - l. What is the highest common divisor of 42 and i?
6
Let d = 537 + -482. What is the highest common divisor of 88 and d?
11
Let a = 12 - 2. Suppose -49*y + 53*y = 20. Suppose 146 = y*i - d, -5*i + 5*d - 7 + 137 = 0. What is the greatest common factor of a and i?
10
Let x(r) = 10*r**2 - 2*r. Let u be x(-4). Let n be (-4)/(-6) - u/(-18). What is the greatest common factor of n and 15?
5
Let r = 4824 - 4820. Let w = -5 - -7. What is the greatest common factor of r and w?
2
Let o be 4*47278/280 + (-2)/5. What is the greatest common factor of 108 and o?
27
Let m = 19 - 15. Suppose -m*w + 2*w = -60. Suppose -2*q - 5*o + 45 = 0, 3 = 2*q - 4*o - 33. What is the greatest common divisor of w and q?
10
Suppose 3*z = 9*z. Suppose z = 11*c - 6*c - 750. Suppose 2*y - 4*p = 306, y - c = -0*y + p. Calculate the highest common factor of 21 and y.
21
Let k = 364 - 334. Calculate the greatest common factor of k and 54.
6
Let q(w) = 3*w**2 + 3*w + 2. Let y be q(-1). Suppose y*v = l + 283, 4*l = -4*v + 8*v - 556. Calculate the highest common divisor of 16 and v.
16
Let z be (6/(-5))/(((-205)/(-1050))/(-41)). Calculate the greatest common divisor of z and 60.
12
Let r be (-9)/(-12)*-6*(-6)/9. Suppose 3*p + 21 = 2*o, p = -0*o + r*o - 49. What is the greatest common factor of o and 108?
18
Suppose -5*d + 0 - 6 = 3*o, 0 = d - 5*o + 18. Suppose -254 = 5*z - 164. Let k be 216*d/z*3. Calculate the highest common divisor of k and 12.
12
Let i = -199 + 269. Calculate the highest common divisor of i and 126.
14
Suppose -4*b + 136 = 4*u + 36, -3*b - 69 = -3*u. Calculate the greatest common divisor of 174 and u.
6
Let z be ((-15012)/(-33))/6 - 2/(-11). Let p = 154 - z. Calculate the greatest common factor of p and 26.
26
Let h = 0 + 36. Suppose -52 = -9*u + 29. What is the highest common divisor of h and u?
9
Let b be ((-8)/5)/((-1)/20). Suppose -i + 2*i = b. Calculate the highest common factor of i and 8.
8
Let t = 26 - 28. Let k be (-1 - (2 - -41))/t. What is the highest common factor of 55 and k?
11
Suppose -f = -47 - 8. Calculate the greatest common factor of f and 77.
11
Let q(l) = -l**3 + l**2. Let n be q(-6). Let w be (210/(-11 - -4) + 2)*-1. What is the greatest common factor of w and n?
28
Suppose 8 = -4*i, 12*q - 8*q = -4*i + 116. Let y(z) = 94*z - 1. Let f be y(1). Calculate the highest common factor of q and f.
31
Suppose 0 = 3*w - a + 2*a - 680, 0 = -5*w - 4*a + 1124. Let i = w + -137. Calculate the highest common divisor of 13 and i.
13
Let s = 297 - 167. Calculate the highest common factor of s and 39.
13
Suppose -2*l = -3*g - 3*l + 38, g = -4*l + 20. Let p = -24 - -72. Calculate the greatest common divisor of p and g.
12
Let n(c) = -5*c - 2. Let o be n(-2). Let y be o + (-6)/3 - 1. Calculate the highest common divisor of y and 35.
5
Let v(x) = -4*x + 179. Let n be v(40). Calculate the highest common divisor of n and 133.
19
Suppose 4*k - 18 = -6. Suppose -60 = -0*h - k*h. What is the greatest common divisor of h and 80?
20
Let b be (30 + -15)/(-30) + (-66)/(-4). Let p = -12 - -20. What is the highest common divisor of b and p?
8
Let r = -705 - -732. Calculate the highest common factor of r and 261.
9
Suppose 2*n = x + 262, 5*n - 82 = x + 180. Let y be x/(-11) - (-14)/(-231)*-3. What is the highest common factor of 120 and y?
24
Suppose -3001 = -36*w + 16151. Calculate the highest common divisor of w and 931.
133
Suppose -2*n - 366 = 3*p - 0*n, 0 = -3*n. Let i be (-7)/((-196)/8) + p/(-14). What is the greatest common factor of i and 27?
9
Suppose -5*v + 171 - 41 = 0. Let t be -4*((-810)/40 - -4). Calculate the highest common factor of v and t.
13
Let n(a) = -237*a - 601. Let u be n(-3). What is the greatest common divisor of u and 130?
10
Let h(q) = -20*q - 302. Let r be h(-17). Calculate the greatest common divisor of 209 and r.
19
Let k(q) = -9*q + 3. Let x be k(-3). Let t be ((-22)/(-77))/(2/42). What is the greatest common factor of x and t?
6
Let p(r) = 13*r + 8. Let c = 11 + -7. Let z be p(c). Calculate the highest common factor of 12 and z.
12
Let f(o) = o**3 + 36*o**2 + 85*o + 142. Let z be f(-33). What is the greatest common divisor of z and 4?
4
Let s(w) = w - 7. Let j be s(4). Let h(p) = -2*p**3 - 4*p**2 + 5*p + 2. Let y be h(j). Calculate the greatest common factor of 55 and y.
5
Suppose 2*u + 4*l = l + 10, 5*l - 25 = -5*u. Suppose 4*f = u*t - 17, 14 - 2 = 2*t + f. What is the highest common divisor of 35 and t?
5
Suppose 30*k - 31*k + 112 = 0. Calculate the highest common divisor of 7 and k.
7
Suppose 7 = 38*t - 107. What is the highest common divisor of t and 579?
3
Let g(s) = -29*s - 194. Let a be g(-7). What is the highest common factor of a and 207?
9
Suppose -3 = 2*l - 1, -g = 3*l - 165. Suppose -5*d + 2*j = j - 210, 5*j - g = -4*d. Calculate the greatest common factor of 168 and d.
42
Let s be (-3)/6*2*-30. Suppose -2*p + 5*j = -s - 19, j - 82 = -3*p. What is the greatest common divisor of p and 6?
3
Suppose -5612 = -50*r + 12588. What is the greatest common divisor of 84 and r?
28
Let o(c) = c**2 + c. Let x(m) = m**2 + 8*m + 22. Let u(j) = 3*o(j) - x(j). Let v be u(-10). What is the highest common divisor of v and 38?
38
Let c = -189 - -1310. Calculate the greatest common divisor of 59 and c.
59
Let h(t) = t**2 + 13*t + 29. Let c be h(-10). Let a be 21/(c/2*-2). Calculate the greatest common divisor of 231 and a.
21
Let f(u) = u**2 + 6*u - 5. Let x be f(-6). Let h be 140/(-14)*4/x. Calculate the highest common factor of h and 12.
4
Let h be 13/3 - (-4)/6. Suppose -56*x = -5*p - 53*x + 385, 2*x + 70 = p. Calculate the greatest common divisor of p and h.
5
Let r be (-1)/12 - (-266)/24. What is the highest common divisor of r and 539?
11
Let y be 182/42 + (-2)/6. Let k be (-3 - -5)/((-1)/(-6)). What is the highest common divisor of k and y?
4
Suppose -2*t + 278 = -146. Calculate the greatest common divisor of 742 and t.
106
Suppose 0 = 2*m - 3*j - 59, 3*m - 32 = 2*m + j. What is the highest common divisor of m and 925?
37
Let m(p) = -4*p - 10. Let f be m(-13). Calculate the highest common divisor of 6 and f.
6
Let y(d) = -12*d + 109. Let x be y(6). Calculate the greatest common divisor of x and 925.
37
Let y be (-8)/1 - (-5461)/127. Suppose -10 - 60 = -5*d. Calculate the highest common factor of d and y.
7
Suppose -5*n + 0*p + 95 =